
6
Calculate the highest common factor of 21307958 and 452.
226
Calculate the greatest common divisor of 42 and 512661114.
42
What is the greatest common divisor of 5212557 and 1054?
527
Calculate the highest common factor of 23234057 and 1694.
847
What is the highest common factor of 312 and 561171?
39
Calculate the greatest common factor of 4389 and 69663671.
1463
Calculate the highest common factor of 101919 and 2040303.
1923
Calculate the greatest common factor of 1365 and 3387598305.
1365
Calculate the highest common divisor of 1472 and 167392.
32
Calculate the greatest common factor of 19737913 and 4108.
1027
Calculate the greatest common divisor of 68800 and 920458.
86
What is the greatest common divisor of 637 and 4749654?
91
Calculate the greatest common divisor of 17989656 and 3648.
456
Calculate the highest common factor of 14323970 and 290.
290
What is the greatest common factor of 131683293 and 189?
189
What is the highest common factor of 277210 and 522322?
2918
What is the greatest common factor of 18565311 and 372?
93
Calculate the greatest common divisor of 32465268 and 1056.
132
What is the highest common factor of 79430 and 76610?
470
What is the greatest common factor of 6110924 and 4?
4
What is the greatest common factor of 14708212 and 2061?
229
Calculate the highest common factor of 44 and 2670382.
22
What is the greatest common factor of 14382 and 9656?
34
Calculate the highest common factor of 709133 and 1361732.
1229
Calculate the highest common divisor of 47315782 and 7654.
178
What is the greatest common divisor of 3089826 and 405?
81
What is the greatest common divisor of 17440861 and 32657?
289
What is the highest common factor of 21335 and 4539335?
1255
What is the greatest common factor of 499 and 60981293?
499
What is the highest common divisor of 3415805 and 118?
59
What is the greatest common divisor of 456266 and 342?
38
What is the highest common divisor of 36190 and 43059520?
3290
Calculate the highest common factor of 3690162 and 1449.
63
Calculate the highest common divisor of 7182 and 7006972.
266
Calculate the greatest common factor of 14828 and 176044.
44
What is the greatest common divisor of 1045 and 5783140?
55
What is the greatest common divisor of 1602791 and 80351?
4229
What is the greatest common divisor of 172053105 and 645?
645
What is the greatest common factor of 804 and 29794029?
201
What is the highest common factor of 24 and 18939630?
6
Calculate the highest common divisor of 20188 and 219716.
196
What is the highest common factor of 90 and 69666705?
45
What is the greatest common divisor of 1682284989 and 231?
231
Calculate the highest common divisor of 480816 and 229278.
2226
What is the greatest common divisor of 140 and 114291940?
140
Calculate the greatest common factor of 494277858 and 36.
18
Calculate the highest common factor of 86621700 and 3300.
3300
Calculate the highest common divisor of 352503 and 1692.
9
What is the greatest common divisor of 1705187 and 11?
11
Calculate the highest common divisor of 116784936 and 108.
108
Calculate the greatest common factor of 86685154 and 74.
74
What is the highest common divisor of 57 and 45467?
19
Calculate the highest common factor of 36846 and 126202.
178
What is the greatest common factor of 8662516 and 248?
124
What is the greatest common factor of 8343255 and 3129?
447
Calculate the greatest common factor of 1017 and 3967047.
9
What is the highest common divisor of 2591 and 42500?
1
What is the highest common factor of 46746 and 11399823?
477
What is the highest common factor of 375488 and 9745087?
5867
Calculate the greatest common factor of 1209 and 66326.
13
Calculate the greatest common divisor of 7992 and 1818092088.
7992
What is the highest common factor of 2072 and 20749960?
56
What is the highest common factor of 3159 and 540670869?
243
What is the greatest common factor of 8867235 and 5772?
1443
What is the highest common factor of 120 and 142910970?
30
What is the greatest common divisor of 2636025 and 300?
75
What is the highest common divisor of 12782160 and 123?
123
Calculate the greatest common factor of 2158365 and 618.
309
What is the greatest common divisor of 205327 and 28?
1
Calculate the highest common divisor of 14526 and 44052.
6
What is the highest common divisor of 11826194 and 86?
2
Calculate the greatest common divisor of 113 and 85703494.
113
What is the greatest common factor of 63180 and 1185600?
780
Calculate the highest common factor of 93005 and 385.
55
Calculate the highest common divisor of 335388 and 27036.
12
Calculate the highest common factor of 21590 and 13430.
170
Calculate the greatest common factor of 62776 and 167181.
133
Calculate the highest common factor of 20491861 and 39.
13
What is the highest common divisor of 6 and 92370678?
6
What is the highest common factor of 8512 and 157714592?
4256
What is the greatest common divisor of 1662654 and 3906?
1302
What is the highest common divisor of 15169 and 21065407?
2167
What is the greatest common factor of 5972763 and 6225?
249
Calculate the highest common divisor of 84741 and 1191.
3
What is the greatest common factor of 7067640 and 600?
120
Calculate the greatest common divisor of 164567288 and 1384.
1384
Calculate the greatest common divisor of 520 and 4290962.
26
Calculate the highest common factor of 688 and 652216.
8
What is the greatest common divisor of 92 and 62581413?
23
Calculate the greatest common factor of 31 and 591511.
31
What is the greatest common divisor of 222483 and 30?
3
What is the highest common divisor of 9170256 and 40?
8
Calculate the greatest common factor of 71813145 and 1648.
103
Calculate the highest common factor of 87075 and 874800.
2025
Calculate the highest common factor of 174454650 and 270.
90
Calculate the highest common factor of 54269838 and 1701.
567
What is the greatest common divisor of 3680 and 3350?
10
Calculate the highest common divisor of 5015598 and 6.
6
Calculate the greatest common divisor of 16946 and 106486.
74
Calculate the greatest common factor of 42 and 469632.
6
What is the greatest common divisor of 33285 and 285?
15
Calculate the greatest common divisor of 142 and 54693643.
71
What is the greatest common factor of 568908022 and 94?
94
What is the highest common divisor of 2065 and 3448255?
295
What is the highest common divisor of 729 and 1989?
9
Calculate the highest common factor of 197600 and 12018640.
1520
Calculate the greatest common factor of 57456 and 16770768.
6384
Calculate the highest common divisor of 5782 and 448714.
14
What is the highest common factor of 260820 and 2056545?
1035
What is the greatest common divisor of 24374496 and 7584?
96
What is the highest common factor of 6120 and 3317414?
34
Calculate the greatest common divisor of 135 and 323846775.
135
Calculate the highest common factor of 271823 and 18778.
229
Calculate the greatest common factor of 444 and 8422828.
148
Calculate the greatest common divisor of 565 and 17531611.
113
What is the highest common divisor of 7939266431 and 23?
23
What is the greatest common divisor of 15 and 56764640?
5
What is the greatest common factor of 8 and 1827370?
2
What is the greatest common divisor of 115146 and 5532?
6
What is the greatest common divisor of 17155535 and 1145?
1145
What is the highest common divisor of 9489 and 79457723?
3163
Calculate the greatest common divisor of 29783350 and 100.
50
What is the highest common factor of 1254 and 189222?
66
Calculate the greatest common divisor of 366 and 1073661.
183
Calculate the highest common divisor of 3437 and 5072521.
491
Calculate the highest common divisor of 690986 and 2846915.
439
What is the highest common divisor of 23495536 and 2756?
212
What is the greatest common divisor of 2073378 and 2360?
118
Calculate the greatest common divisor of 6090735 and 3612.
903
What is the greatest common divisor of 2278737 and 4221?
603
Calculate the highest common divisor of 17280424 and 1744.
872
Calculate the highest common divisor of 135405313 and 4919.
4919
Calculate the highest common factor of 105 and 205135440.
15
What is the highest common divisor of 46343 and 450025?
383
What is the highest common divisor of 14469 and 17674228?
689
Calculate the highest com